{"id":2,"date":"2024-12-13T15:57:04","date_gmt":"2024-12-13T15:57:04","guid":{"rendered":"https:\/\/vendanges-musicales.ch\/?page_id=2"},"modified":"2025-10-28T16:20:30","modified_gmt":"2025-10-28T16:20:30","slug":"sample-page","status":"publish","type":"page","link":"https:\/\/vendanges-musicales.ch\/","title":{"rendered":"Accueil"},"content":{"rendered":"\n<h2 class=\"wp-block-heading has-text-align-center has-text-color has-link-color wp-elements-1\" style=\"color:#723872\"><strong>Bienvenue sur le site des Vendanges Musicales, une alliance unique entre musique et patrimoine<\/strong><\/h2>\n\n\n\n<p class=\"has-black-color has-text-color has-link-color wp-elements-2 wp-block-paragraph\">Dans le cadre enchanteur de Lavaux, r\u00e9gion inscrite au patrimoine mondial de l\u2019UNESCO, les Vendanges Musicales c\u00e9l\u00e8brent la rencontre entre la musique classique et les richesses \u0153nologiques locales. Ce festival unique propose une exp\u00e9rience culturelle immersive et gratuite, o\u00f9 m\u00e9lomanes et amateurs de vin se retrouvent pour vivre des moments inoubliables au rythme des vendanges.<\/p>\n\n\n\n<p class=\"has-black-color has-text-color has-link-color wp-elements-3 wp-block-paragraph\">Organis\u00e9 chaque automne, le festival met \u00e0 l\u2019honneur des artistes professionnels, issus de la r\u00e9gion ou ayant un lien fort avec la Suisse romande. Les concerts de musique de chambre, agr\u00e9ment\u00e9s de d\u00e9gustations de vins locaux, cr\u00e9ent une atmosph\u00e8re conviviale et chaleureuse, favorisant les \u00e9changes et la d\u00e9couverte.<\/p>\n\n\n\n<p class=\"has-black-color has-text-color has-link-color wp-elements-4 wp-block-paragraph\">Port\u00e9 par des passionn\u00e9s, le festival s\u2019inscrit dans une d\u00e9marche de promotion de la culture locale et de soutien aux jeunes talents ainsi qu&rsquo;aux \u0153uvres suisses. Que vous soyez m\u00e9lomane averti, curieux n\u00e9ophyte ou simplement amoureux de la r\u00e9gion, les Vendanges Musicales vous invitent \u00e0 partager des instants magiques entre art, patrimoine et convivialit\u00e9.<\/p>\n\n\n\n<p class=\"wp-block-paragraph\"><\/p>\n\n\n\n<figure class=\"wp-block-image aligncenter size-large is-resized\"><img loading=\"lazy\" decoding=\"async\" width=\"1024\" height=\"520\" src=\"https:\/\/vendanges-musicales.ch\/wp-content\/uploads\/2025\/01\/photo-1024x520.jpg\" alt=\"\" class=\"wp-image-71\" style=\"width:813px;height:auto\" srcset=\"https:\/\/vendanges-musicales.ch\/wp-content\/uploads\/2025\/01\/photo-1024x520.jpg 1024w, https:\/\/vendanges-musicales.ch\/wp-content\/uploads\/2025\/01\/photo-300x152.jpg 300w, https:\/\/vendanges-musicales.ch\/wp-content\/uploads\/2025\/01\/photo-768x390.jpg 768w, https:\/\/vendanges-musicales.ch\/wp-content\/uploads\/2025\/01\/photo-1536x780.jpg 1536w, https:\/\/vendanges-musicales.ch\/wp-content\/uploads\/2025\/01\/photo.jpg 1749w\" sizes=\"auto, (max-width: 1024px) 100vw, 1024px\" \/><\/figure>\n\n\n\n<figure class=\"wp-block-image aligncenter size-full is-resized\"><a href=\"https:\/\/www.facebook.com\/profile.php?id=61576869458611&amp;locale=fr_FR\"><img loading=\"lazy\" decoding=\"async\" width=\"148\" height=\"148\" src=\"https:\/\/vendanges-musicales.ch\/wp-content\/uploads\/2025\/09\/telechargement.png\" alt=\"\" class=\"wp-image-130\" style=\"width:66px;height:auto\"\/><\/a><\/figure>\n\n\n\n<figure class=\"wp-block-image aligncenter size-full is-resized\"><a href=\"https:\/\/www.instagram.com\/vendangesmusicales\/#\"><img loading=\"lazy\" decoding=\"async\" width=\"148\" height=\"148\" src=\"https:\/\/vendanges-musicales.ch\/wp-content\/uploads\/2025\/09\/d.jpg\" alt=\"\" class=\"wp-image-132\" style=\"width:72px;height:auto\"\/><\/a><\/figure>\n\n\n\n<p class=\"wp-block-paragraph\"><\/p>\n","protected":false},"excerpt":{"rendered":"<p>Bienvenue sur le site des Vendanges Musicales, une alliance unique entre musique et patrimoine Dans le cadre enchanteur de Lavaux, r\u00e9gion inscrite au patrimoine mondial de l\u2019UNESCO, les Vendanges Musicales &#8230;<\/p>\n","protected":false},"author":1,"featured_media":0,"parent":0,"menu_order":0,"comment_status":"closed","ping_status":"open","template":"","meta":{"footnotes":""},"class_list":["post-2","page","type-page","status-publish","hentry"],"_links":{"self":[{"href":"https:\/\/vendanges-musicales.ch\/index.php\/wp-json\/wp\/v2\/pages\/2","targetHints":{"allow":["GET"]}}],"collection":[{"href":"https:\/\/vendanges-musicales.ch\/index.php\/wp-json\/wp\/v2\/pages"}],"about":[{"href":"https:\/\/vendanges-musicales.ch\/index.php\/wp-json\/wp\/v2\/types\/page"}],"author":[{"embeddable":true,"href":"https:\/\/vendanges-musicales.ch\/index.php\/wp-json\/wp\/v2\/users\/1"}],"replies":[{"embeddable":true,"href":"https:\/\/vendanges-musicales.ch\/index.php\/wp-json\/wp\/v2\/comments?post=2"}],"version-history":[{"count":7,"href":"https:\/\/vendanges-musicales.ch\/index.php\/wp-json\/wp\/v2\/pages\/2\/revisions"}],"predecessor-version":[{"id":141,"href":"https:\/\/vendanges-musicales.ch\/index.php\/wp-json\/wp\/v2\/pages\/2\/revisions\/141"}],"wp:attachment":[{"href":"https:\/\/vendanges-musicales.ch\/index.php\/wp-json\/wp\/v2\/media?parent=2"}],"curies":[{"name":"wp","href":"https:\/\/api.w.org\/{rel}","templated":true}]}}

<h2 class="wp-block-heading has-text-align-center has-text-color has-link-color wp-elements-1" style="color:#723872"><strong>Bienvenue sur le site des Vendanges Musicales, une alliance unique entre musique et patrimoine</strong></h2>



<p class="has-black-color has-text-color has-link-color wp-elements-2 wp-block-paragraph">Dans le cadre enchanteur de Lavaux, région inscrite au patrimoine mondial de l’UNESCO, les Vendanges Musicales célèbrent la rencontre entre la musique classique et les richesses œnologiques locales. Ce festival unique propose une expérience culturelle immersive et gratuite, où mélomanes et amateurs de vin se retrouvent pour vivre des moments inoubliables au rythme des vendanges.</p>



<p class="has-black-color has-text-color has-link-color wp-elements-3 wp-block-paragraph">Organisé chaque automne, le festival met à l’honneur des artistes professionnels, issus de la région ou ayant un lien fort avec la Suisse romande. Les concerts de musique de chambre, agrémentés de dégustations de vins locaux, créent une atmosphère conviviale et chaleureuse, favorisant les échanges et la découverte.</p>



<p class="has-black-color has-text-color has-link-color wp-elements-4 wp-block-paragraph">Porté par des passionnés, le festival s’inscrit dans une démarche de promotion de la culture locale et de soutien aux jeunes talents ainsi qu&rsquo;aux œuvres suisses. Que vous soyez mélomane averti, curieux néophyte ou simplement amoureux de la région, les Vendanges Musicales vous invitent à partager des instants magiques entre art, patrimoine et convivialité.</p>



<p class="wp-block-paragraph"></p>



<figure class="wp-block-image aligncenter size-large is-resized"><img loading="lazy" decoding="async" width="1024" height="520" src="https://vendanges-musicales.ch/wp-content/uploads/2025/01/photo-1024x520.jpg" alt="" class="wp-image-71" style="width:813px;height:auto" srcset="https://vendanges-musicales.ch/wp-content/uploads/2025/01/photo-1024x520.jpg 1024w, https://vendanges-musicales.ch/wp-content/uploads/2025/01/photo-300x152.jpg 300w, https://vendanges-musicales.ch/wp-content/uploads/2025/01/photo-768x390.jpg 768w, https://vendanges-musicales.ch/wp-content/uploads/2025/01/photo-1536x780.jpg 1536w, https://vendanges-musicales.ch/wp-content/uploads/2025/01/photo.jpg 1749w" sizes="auto, (max-width: 1024px) 100vw, 1024px" /></figure>



<figure class="wp-block-image aligncenter size-full is-resized"><a href="https://www.facebook.com/profile.php?id=61576869458611&amp;locale=fr_FR"><img loading="lazy" decoding="async" width="148" height="148" src="https://vendanges-musicales.ch/wp-content/uploads/2025/09/telechargement.png" alt="" class="wp-image-130" style="width:66px;height:auto"/></a></figure>



<figure class="wp-block-image aligncenter size-full is-resized"><a href="https://www.instagram.com/vendangesmusicales/#"><img loading="lazy" decoding="async" width="148" height="148" src="https://vendanges-musicales.ch/wp-content/uploads/2025/09/d.jpg" alt="" class="wp-image-132" style="width:72px;height:auto"/></a></figure>



<p class="wp-block-paragraph"></p>

<p>Bienvenue sur le site des Vendanges Musicales, une alliance unique entre musique et patrimoine Dans le cadre enchanteur de Lavaux, région inscrite au patrimoine mondial de l’UNESCO, les Vendanges Musicales &#8230;</p>
