{"id":22,"date":"2024-12-27T16:28:25","date_gmt":"2024-12-27T16:28:25","guid":{"rendered":"https:\/\/vendanges-musicales.ch\/?page_id=22"},"modified":"2025-09-01T16:06:34","modified_gmt":"2025-09-01T16:06:34","slug":"comite","status":"publish","type":"page","link":"https:\/\/vendanges-musicales.ch\/index.php\/comite\/","title":{"rendered":"Comit\u00e9"},"content":{"rendered":"\n<p class=\"wp-block-paragraph\"><\/p>\n\n\n\n<p class=\"wp-block-paragraph\"><\/p>\n\n\n\n<h2 class=\"wp-block-heading has-text-color has-link-color wp-elements-1\" style=\"color:#723872\">Pr\u00e9sident<\/h2>\n\n\n\n<figure class=\"wp-block-image alignleft size-full is-resized\"><img loading=\"lazy\" decoding=\"async\" width=\"402\" height=\"600\" src=\"https:\/\/vendanges-musicales.ch\/wp-content\/uploads\/2025\/01\/LM.jpg\" alt=\"\" class=\"wp-image-56\" style=\"width:246px;height:auto\" srcset=\"https:\/\/vendanges-musicales.ch\/wp-content\/uploads\/2025\/01\/LM.jpg 402w, https:\/\/vendanges-musicales.ch\/wp-content\/uploads\/2025\/01\/LM-201x300.jpg 201w\" sizes=\"auto, (max-width: 402px) 100vw, 402px\" \/><\/figure>\n\n\n\n<p class=\"has-black-color has-text-color has-link-color wp-elements-2 wp-block-paragraph\">N\u00e9 \u00e0 Lyon, Lucas Monerri d\u00e9bute le violon d\u00e8s l\u2019\u00e2ge de six ans au Conservatoire de Lyon avant de poursuivre sa formation \u00e0 la Haute \u00c9cole de Musique de Lausanne aupr\u00e8s de Renaud Capu\u00e7on. Laur\u00e9at du Sinfonieorchester Basel et membre de l\u2019Orchestre Gustav Mahler, il collabore avec des musiciens renomm\u00e9s tels que Daniel Harding et Martha Argerich. Il se produit dans de nombreux festivals comme le Lavaux Classic et le Gstaad Festival, aussi bien en r\u00e9cital qu\u2019en musique de chambre.<\/p>\n\n\n\n<p class=\"has-black-color has-text-color has-link-color wp-elements-3 wp-block-paragraph\">Musicien polyvalent, Lucas obtient un poste au Berner Sinfonieorchester, o\u00f9 il joue pendant deux saisons avant de poursuivre sa carri\u00e8re en Suisse en tant que violoniste rempla\u00e7ant et co-soliste. Il joue sur un violon L\u00e9on Bernardel de Mirecourt, construit en 1870, et est reconnu pour sa sensibilit\u00e9 artistique et son engagement dans divers projets musicaux.<\/p>\n\n\n\n<p class=\"wp-block-paragraph\"><\/p>\n\n\n\n<h2 class=\"wp-block-heading has-text-color has-link-color wp-elements-4\" style=\"color:#723872\">Secr\u00e9taire<\/h2>\n\n\n\n<figure class=\"wp-block-image alignleft size-full is-resized\"><img loading=\"lazy\" decoding=\"async\" width=\"433\" height=\"643\" src=\"https:\/\/vendanges-musicales.ch\/wp-content\/uploads\/2024\/12\/ZV.jpg\" alt=\"\" class=\"wp-image-37\" style=\"width:252px;height:auto\" srcset=\"https:\/\/vendanges-musicales.ch\/wp-content\/uploads\/2024\/12\/ZV.jpg 433w, https:\/\/vendanges-musicales.ch\/wp-content\/uploads\/2024\/12\/ZV-202x300.jpg 202w\" sizes=\"auto, (max-width: 433px) 100vw, 433px\" \/><\/figure>\n\n\n\n<p class=\"has-text-align-left has-black-color has-text-color has-link-color wp-elements-5 wp-block-paragraph\">Originaire de Lettonie, Zaiga Vilc\u0101ne commence la musique d\u00e8s l\u2019\u00e2ge de cinq ans \u00e0 l&rsquo;\u00c9cole sp\u00e9cialis\u00e9e en musique et ballet de Riga. Son parcours l\u2019am\u00e8ne \u00e0 la Haute \u00c9cole de Musique de Lausanne, o\u00f9 elle obtient un Bachelor et un Master sous la direction d\u2019Alexander Gordon. Passionn\u00e9e par son art, elle se produit dans de nombreux festivals europ\u00e9ens tels que le Festival Paavo J\u00e4rvi en Estonie, Allegro Vivo en Autriche, et l\u2019Interlaken Classics Festival.<\/p>\n\n\n\n<p class=\"has-text-align-left has-black-color has-text-color has-link-color wp-elements-6 wp-block-paragraph\">Tr\u00e8s engag\u00e9e dans la vie culturelle, Zaiga participe \u00e0 des \u00e9v\u00e9nements locaux comme le concours Lavaux Classic. Toujours en qu\u00eate de perfectionnement, elle suit des masterclasses avec des altistes de renom. Soutenue par plusieurs fondations prestigieuses, elle joue actuellement un alto con\u00e7u par Ragnar Hayn, qui lui a \u00e9t\u00e9 offert en reconnaissance de son talent artistique.<\/p>\n\n\n\n<h2 class=\"wp-block-heading has-text-color has-link-color wp-elements-7\" style=\"color:#723872\">Tr\u00e9sorier<\/h2>\n\n\n\n<figure class=\"wp-block-image alignleft size-large is-resized\"><img loading=\"lazy\" decoding=\"async\" width=\"732\" height=\"1024\" src=\"https:\/\/vendanges-musicales.ch\/wp-content\/uploads\/2025\/01\/G0A4897-1-732x1024.jpg\" alt=\"\" class=\"wp-image-58\" style=\"width:273px;height:auto\" srcset=\"https:\/\/vendanges-musicales.ch\/wp-content\/uploads\/2025\/01\/G0A4897-1-732x1024.jpg 732w, https:\/\/vendanges-musicales.ch\/wp-content\/uploads\/2025\/01\/G0A4897-1-214x300.jpg 214w, https:\/\/vendanges-musicales.ch\/wp-content\/uploads\/2025\/01\/G0A4897-1-768x1074.jpg 768w, https:\/\/vendanges-musicales.ch\/wp-content\/uploads\/2025\/01\/G0A4897-1.jpg 993w\" sizes=\"auto, (max-width: 732px) 100vw, 732px\" \/><\/figure>\n\n\n\n<p class=\"has-black-color has-text-color has-link-color wp-elements-8 wp-block-paragraph\">Entrepreneur et sp\u00e9cialiste en fiduciaire, Steen Boschetti met ses comp\u00e9tences financi\u00e8res au service de projets locaux et associatifs. Il est membre de la direction de FlexPME SA, une fiduciaire num\u00e9rique innovante, ainsi que de l\u2019Alliance Romande des Propri\u00e9t\u00e9s Par \u00c9tages. Actif en politique au sein du Parti lib\u00e9ral-radical, il occupe plusieurs fonctions, notamment celui de conseiller communal \u00e0 Pr\u00e9verenges, o\u00f9 il contribue \u00e0 la gestion et au d\u00e9veloppement de sa commune.<\/p>\n\n\n\n<p class=\"has-black-color has-text-color has-link-color wp-elements-9 wp-block-paragraph\">Steen s\u2019engage \u00e9galement dans la vie associative en tant que co-fondateur de l\u2019association DELP, qui soutient les entreprises locales. Il est \u00e9galement sapeur-pompier volontaire. Amoureux de la culture, il participe aux initiatives de promotion artistique et \u00e9conomique de la r\u00e9gion, notamment les Vendanges Musicales, o\u00f9 il apporte un regard entrepreneurial et une pr\u00e9cieuse expertise en gestion. Passionn\u00e9 de musique et culture, il allie son engagement professionnel \u00e0 une volont\u00e9 de soutenir le dynamisme culturel local.<\/p>\n\n\n\n<p class=\"has-black-color has-text-color has-link-color wp-elements-10 wp-block-paragraph\"><\/p>\n\n\n\n<p class=\"wp-block-paragraph\"><\/p>\n","protected":false},"excerpt":{"rendered":"<p>Pr\u00e9sident N\u00e9 \u00e0 Lyon, Lucas Monerri d\u00e9bute le violon d\u00e8s l\u2019\u00e2ge de six ans au Conservatoire de Lyon avant de poursuivre sa formation \u00e0 la Haute \u00c9cole de Musique de &#8230;<\/p>\n","protected":false},"author":1,"featured_media":0,"parent":0,"menu_order":0,"comment_status":"closed","ping_status":"closed","template":"","meta":{"footnotes":""},"class_list":["post-22","page","type-page","status-publish","hentry"],"_links":{"self":[{"href":"https:\/\/vendanges-musicales.ch\/index.php\/wp-json\/wp\/v2\/pages\/22","targetHints":{"allow":["GET"]}}],"collection":[{"href":"https:\/\/vendanges-musicales.ch\/index.php\/wp-json\/wp\/v2\/pages"}],"about":[{"href":"https:\/\/vendanges-musicales.ch\/index.php\/wp-json\/wp\/v2\/types\/page"}],"author":[{"embeddable":true,"href":"https:\/\/vendanges-musicales.ch\/index.php\/wp-json\/wp\/v2\/users\/1"}],"replies":[{"embeddable":true,"href":"https:\/\/vendanges-musicales.ch\/index.php\/wp-json\/wp\/v2\/comments?post=22"}],"version-history":[{"count":4,"href":"https:\/\/vendanges-musicales.ch\/index.php\/wp-json\/wp\/v2\/pages\/22\/revisions"}],"predecessor-version":[{"id":127,"href":"https:\/\/vendanges-musicales.ch\/index.php\/wp-json\/wp\/v2\/pages\/22\/revisions\/127"}],"wp:attachment":[{"href":"https:\/\/vendanges-musicales.ch\/index.php\/wp-json\/wp\/v2\/media?parent=22"}],"curies":[{"name":"wp","href":"https:\/\/api.w.org\/{rel}","templated":true}]}}

Comité

<p class="wp-block-paragraph"></p>



<p class="wp-block-paragraph"></p>



<h2 class="wp-block-heading has-text-color has-link-color wp-elements-1" style="color:#723872">Président</h2>



<figure class="wp-block-image alignleft size-full is-resized"><img loading="lazy" decoding="async" width="402" height="600" src="https://vendanges-musicales.ch/wp-content/uploads/2025/01/LM.jpg" alt="" class="wp-image-56" style="width:246px;height:auto" srcset="https://vendanges-musicales.ch/wp-content/uploads/2025/01/LM.jpg 402w, https://vendanges-musicales.ch/wp-content/uploads/2025/01/LM-201x300.jpg 201w" sizes="auto, (max-width: 402px) 100vw, 402px" /></figure>



<p class="has-black-color has-text-color has-link-color wp-elements-2 wp-block-paragraph">Né à Lyon, Lucas Monerri débute le violon dès l’âge de six ans au Conservatoire de Lyon avant de poursuivre sa formation à la Haute École de Musique de Lausanne auprès de Renaud Capuçon. Lauréat du Sinfonieorchester Basel et membre de l’Orchestre Gustav Mahler, il collabore avec des musiciens renommés tels que Daniel Harding et Martha Argerich. Il se produit dans de nombreux festivals comme le Lavaux Classic et le Gstaad Festival, aussi bien en récital qu’en musique de chambre.</p>



<p class="has-black-color has-text-color has-link-color wp-elements-3 wp-block-paragraph">Musicien polyvalent, Lucas obtient un poste au Berner Sinfonieorchester, où il joue pendant deux saisons avant de poursuivre sa carrière en Suisse en tant que violoniste remplaçant et co-soliste. Il joue sur un violon Léon Bernardel de Mirecourt, construit en 1870, et est reconnu pour sa sensibilité artistique et son engagement dans divers projets musicaux.</p>



<p class="wp-block-paragraph"></p>



<h2 class="wp-block-heading has-text-color has-link-color wp-elements-4" style="color:#723872">Secrétaire</h2>



<figure class="wp-block-image alignleft size-full is-resized"><img loading="lazy" decoding="async" width="433" height="643" src="https://vendanges-musicales.ch/wp-content/uploads/2024/12/ZV.jpg" alt="" class="wp-image-37" style="width:252px;height:auto" srcset="https://vendanges-musicales.ch/wp-content/uploads/2024/12/ZV.jpg 433w, https://vendanges-musicales.ch/wp-content/uploads/2024/12/ZV-202x300.jpg 202w" sizes="auto, (max-width: 433px) 100vw, 433px" /></figure>



<p class="has-text-align-left has-black-color has-text-color has-link-color wp-elements-5 wp-block-paragraph">Originaire de Lettonie, Zaiga Vilcāne commence la musique dès l’âge de cinq ans à l&rsquo;École spécialisée en musique et ballet de Riga. Son parcours l’amène à la Haute École de Musique de Lausanne, où elle obtient un Bachelor et un Master sous la direction d’Alexander Gordon. Passionnée par son art, elle se produit dans de nombreux festivals européens tels que le Festival Paavo Järvi en Estonie, Allegro Vivo en Autriche, et l’Interlaken Classics Festival.</p>



<p class="has-text-align-left has-black-color has-text-color has-link-color wp-elements-6 wp-block-paragraph">Très engagée dans la vie culturelle, Zaiga participe à des événements locaux comme le concours Lavaux Classic. Toujours en quête de perfectionnement, elle suit des masterclasses avec des altistes de renom. Soutenue par plusieurs fondations prestigieuses, elle joue actuellement un alto conçu par Ragnar Hayn, qui lui a été offert en reconnaissance de son talent artistique.</p>



<h2 class="wp-block-heading has-text-color has-link-color wp-elements-7" style="color:#723872">Trésorier</h2>



<figure class="wp-block-image alignleft size-large is-resized"><img loading="lazy" decoding="async" width="732" height="1024" src="https://vendanges-musicales.ch/wp-content/uploads/2025/01/G0A4897-1-732x1024.jpg" alt="" class="wp-image-58" style="width:273px;height:auto" srcset="https://vendanges-musicales.ch/wp-content/uploads/2025/01/G0A4897-1-732x1024.jpg 732w, https://vendanges-musicales.ch/wp-content/uploads/2025/01/G0A4897-1-214x300.jpg 214w, https://vendanges-musicales.ch/wp-content/uploads/2025/01/G0A4897-1-768x1074.jpg 768w, https://vendanges-musicales.ch/wp-content/uploads/2025/01/G0A4897-1.jpg 993w" sizes="auto, (max-width: 732px) 100vw, 732px" /></figure>



<p class="has-black-color has-text-color has-link-color wp-elements-8 wp-block-paragraph">Entrepreneur et spécialiste en fiduciaire, Steen Boschetti met ses compétences financières au service de projets locaux et associatifs. Il est membre de la direction de FlexPME SA, une fiduciaire numérique innovante, ainsi que de l’Alliance Romande des Propriétés Par Étages. Actif en politique au sein du Parti libéral-radical, il occupe plusieurs fonctions, notamment celui de conseiller communal à Préverenges, où il contribue à la gestion et au développement de sa commune.</p>



<p class="has-black-color has-text-color has-link-color wp-elements-9 wp-block-paragraph">Steen s’engage également dans la vie associative en tant que co-fondateur de l’association DELP, qui soutient les entreprises locales. Il est également sapeur-pompier volontaire. Amoureux de la culture, il participe aux initiatives de promotion artistique et économique de la région, notamment les Vendanges Musicales, où il apporte un regard entrepreneurial et une précieuse expertise en gestion. Passionné de musique et culture, il allie son engagement professionnel à une volonté de soutenir le dynamisme culturel local.</p>



<p class="has-black-color has-text-color has-link-color wp-elements-10 wp-block-paragraph"></p>



<p class="wp-block-paragraph"></p>

<p>Président Né à Lyon, Lucas Monerri débute le violon dès l’âge de six ans au Conservatoire de Lyon avant de poursuivre sa formation à la Haute École de Musique de &#8230;</p>
