{"id":76,"date":"2025-06-09T12:48:43","date_gmt":"2025-06-09T12:48:43","guid":{"rendered":"https:\/\/vendanges-musicales.ch\/?page_id=76"},"modified":"2025-10-06T07:40:00","modified_gmt":"2025-10-06T07:40:00","slug":"nous-soutenir","status":"publish","type":"page","link":"https:\/\/vendanges-musicales.ch\/index.php\/nous-soutenir\/","title":{"rendered":"Nous soutenir"},"content":{"rendered":"\n<h2 class=\"wp-block-heading has-text-color has-link-color wp-elements-1\" style=\"color:#723872\">Soutenez Les Vendanges Musicales<\/h2>\n\n\n\n<p class=\"has-black-color has-text-color has-link-color wp-elements-2 wp-block-paragraph\">Le festival <strong>Les Vendanges Musicales<\/strong> s\u2019efforce d\u2019offrir une programmation de qualit\u00e9, accessible \u00e0 toutes et \u00e0 tous, en valorisant les artistes suisses et internationaux dans une ambiance conviviale au c\u0153ur de notre r\u00e9gion.<\/p>\n\n\n\n<p class=\"has-black-color has-text-color has-link-color wp-elements-3 wp-block-paragraph\">Nous nous engageons \u00e0 accueillir des concerts gratuits et \u00e0 promouvoir la culture musicale pour tous les \u00e2ges ainsi que d&rsquo;offrir de bonnes conditions aux musiciens.<br>Pour que cette aventure continue \u00e0 vivre et \u00e0 \u00e9voluer, <strong>votre soutien est essentiel<\/strong>.<\/p>\n\n\n\n<h3 class=\"wp-block-heading has-text-color has-link-color wp-elements-4\" style=\"color:#723872\">Pourquoi faire un don ?<\/h3>\n\n\n\n<p class=\"has-black-color has-text-color has-link-color wp-elements-5 wp-block-paragraph\">En tant que festival ind\u00e9pendant et association \u00e0 but non lucratif, nous comptons sur la g\u00e9n\u00e9rosit\u00e9 de notre public et de notre communaut\u00e9.<\/p>\n\n\n\n<p class=\"has-black-color has-text-color has-link-color wp-elements-6 wp-block-paragraph\"><br>Votre don nous permet de :<\/p>\n\n\n\n<ul class=\"wp-block-list\">\n<li class=\"has-black-color has-text-color has-link-color wp-elements-7\">Soutenir la venue d\u2019artistes de talent<\/li>\n\n\n\n<li class=\"has-black-color has-text-color has-link-color wp-elements-8\">Garantir l\u2019acc\u00e8s \u00e0 la culture pour tous<\/li>\n\n\n\n<li class=\"has-black-color has-text-color has-link-color wp-elements-9\">Offrir de bonnes conditions aux artistes<\/li>\n\n\n\n<li class=\"has-black-color has-text-color has-link-color wp-elements-10\">Assurer l\u2019accueil du public dans les meilleures conditions<\/li>\n<\/ul>\n\n\n\n<h3 class=\"wp-block-heading has-text-color has-link-color wp-elements-11\" style=\"color:#723872\">Comment faire un don ?<\/h3>\n\n\n\n<p class=\"has-black-color has-text-color has-link-color wp-elements-12 wp-block-paragraph\">Vous pouvez effectuer un don par  virement bancaire ou par Twint au 079 366 80 15 (mention : Vendanges musicales).<br>Chaque geste, petit ou grand, contribue directement \u00e0 la qualit\u00e9 du festival.<\/p>\n\n\n\n<p class=\"has-black-color has-text-color has-link-color wp-elements-13 wp-block-paragraph\"><strong>Association Les Vendanges Musicales<\/strong><br>IBAN : CH34 0076 7000 Z565 8597 2<br>Banque : BCV<br>Chemin de Villette 16, 1096 Villette<\/p>\n\n\n\n<h3 class=\"wp-block-heading\">Merci pour votre g\u00e9n\u00e9rosit\u00e9<\/h3>\n\n\n\n<p class=\"has-black-color has-text-color has-link-color wp-elements-14 wp-block-paragraph\">En faisant un don, vous devenez un acteur direct de notre aventure culturelle.<\/p>\n\n\n\n<p class=\"has-black-color has-text-color has-link-color wp-elements-15 wp-block-paragraph\"><br><strong>Merci de faire partie de cette belle histoire.<\/strong><\/p>\n","protected":false},"excerpt":{"rendered":"<p>Soutenez Les Vendanges Musicales Le festival Les Vendanges Musicales s\u2019efforce d\u2019offrir une programmation de qualit\u00e9, accessible \u00e0 toutes et \u00e0 tous, en valorisant les artistes suisses et internationaux dans une &#8230;<\/p>\n","protected":false},"author":1,"featured_media":0,"parent":0,"menu_order":0,"comment_status":"closed","ping_status":"closed","template":"","meta":{"footnotes":""},"class_list":["post-76","page","type-page","status-publish","hentry"],"_links":{"self":[{"href":"https:\/\/vendanges-musicales.ch\/index.php\/wp-json\/wp\/v2\/pages\/76","targetHints":{"allow":["GET"]}}],"collection":[{"href":"https:\/\/vendanges-musicales.ch\/index.php\/wp-json\/wp\/v2\/pages"}],"about":[{"href":"https:\/\/vendanges-musicales.ch\/index.php\/wp-json\/wp\/v2\/types\/page"}],"author":[{"embeddable":true,"href":"https:\/\/vendanges-musicales.ch\/index.php\/wp-json\/wp\/v2\/users\/1"}],"replies":[{"embeddable":true,"href":"https:\/\/vendanges-musicales.ch\/index.php\/wp-json\/wp\/v2\/comments?post=76"}],"version-history":[{"count":4,"href":"https:\/\/vendanges-musicales.ch\/index.php\/wp-json\/wp\/v2\/pages\/76\/revisions"}],"predecessor-version":[{"id":138,"href":"https:\/\/vendanges-musicales.ch\/index.php\/wp-json\/wp\/v2\/pages\/76\/revisions\/138"}],"wp:attachment":[{"href":"https:\/\/vendanges-musicales.ch\/index.php\/wp-json\/wp\/v2\/media?parent=76"}],"curies":[{"name":"wp","href":"https:\/\/api.w.org\/{rel}","templated":true}]}}

<h2 class="wp-block-heading has-text-color has-link-color wp-elements-1" style="color:#723872">Soutenez Les Vendanges Musicales</h2>



<p class="has-black-color has-text-color has-link-color wp-elements-2 wp-block-paragraph">Le festival <strong>Les Vendanges Musicales</strong> s’efforce d’offrir une programmation de qualité, accessible à toutes et à tous, en valorisant les artistes suisses et internationaux dans une ambiance conviviale au cœur de notre région.</p>



<p class="has-black-color has-text-color has-link-color wp-elements-3 wp-block-paragraph">Nous nous engageons à accueillir des concerts gratuits et à promouvoir la culture musicale pour tous les âges ainsi que d&rsquo;offrir de bonnes conditions aux musiciens.<br>Pour que cette aventure continue à vivre et à évoluer, <strong>votre soutien est essentiel</strong>.</p>



<h3 class="wp-block-heading has-text-color has-link-color wp-elements-4" style="color:#723872">Pourquoi faire un don ?</h3>



<p class="has-black-color has-text-color has-link-color wp-elements-5 wp-block-paragraph">En tant que festival indépendant et association à but non lucratif, nous comptons sur la générosité de notre public et de notre communauté.</p>



<p class="has-black-color has-text-color has-link-color wp-elements-6 wp-block-paragraph"><br>Votre don nous permet de :</p>



<ul class="wp-block-list">
<li class="has-black-color has-text-color has-link-color wp-elements-7">Soutenir la venue d’artistes de talent</li>



<li class="has-black-color has-text-color has-link-color wp-elements-8">Garantir l’accès à la culture pour tous</li>



<li class="has-black-color has-text-color has-link-color wp-elements-9">Offrir de bonnes conditions aux artistes</li>



<li class="has-black-color has-text-color has-link-color wp-elements-10">Assurer l’accueil du public dans les meilleures conditions</li>
</ul>



<h3 class="wp-block-heading has-text-color has-link-color wp-elements-11" style="color:#723872">Comment faire un don ?</h3>



<p class="has-black-color has-text-color has-link-color wp-elements-12 wp-block-paragraph">Vous pouvez effectuer un don par  virement bancaire ou par Twint au 079 366 80 15 (mention : Vendanges musicales).<br>Chaque geste, petit ou grand, contribue directement à la qualité du festival.</p>



<p class="has-black-color has-text-color has-link-color wp-elements-13 wp-block-paragraph"><strong>Association Les Vendanges Musicales</strong><br>IBAN : CH34 0076 7000 Z565 8597 2<br>Banque : BCV<br>Chemin de Villette 16, 1096 Villette</p>



<h3 class="wp-block-heading">Merci pour votre générosité</h3>



<p class="has-black-color has-text-color has-link-color wp-elements-14 wp-block-paragraph">En faisant un don, vous devenez un acteur direct de notre aventure culturelle.</p>



<p class="has-black-color has-text-color has-link-color wp-elements-15 wp-block-paragraph"><br><strong>Merci de faire partie de cette belle histoire.</strong></p>

<p>Soutenez Les Vendanges Musicales Le festival Les Vendanges Musicales s’efforce d’offrir une programmation de qualité, accessible à toutes et à tous, en valorisant les artistes suisses et internationaux dans une &#8230;</p>
